t s be r(i). What is the greatest common factor of 6 and s?
6
Let j = -181 + 370. Let w(v) = 2*v**3 + 17*v**2 + 20*v + 103. Let h be w(-8). What is the highest common divisor of j and h?
7
Let u be 10/(-2) + 5 + 6. Suppose -4*v - 24 = -u*v. Suppose 5*z - 155 = -55. What is the greatest common divisor of v and z?
4
Suppose -4*u + 6*u = 20. Let r(t) = u - 15 - 2*t + 0*t + t**2. Let l be r(-5). What is the highest common divisor of l and 75?
15
Let r(l) = 15*l**2 - 23*l - 1. Let c be r(8). Let b = 800 - c. Let q(m) = 225*m**2 + m - 1. Let h be q(1). What is the highest common factor of b and h?
25
Suppose -2*a + 8 = 0, -5*s = 48*a - 46*a - 1618. What is the highest common factor of s and 791?
7
Let k be (-1 + (-15)/(-6))*112/12. Suppose -k = j - 17. Suppose -5*f = d - 6*f - 135, -402 = -j*d + 2*f. Calculate the highest common factor of d and 12.
12
Suppose 64*m = 60*m - 3*d + 231, 2*m - 4*d = 88. What is the greatest common divisor of 3042 and m?
18
Let z be -1 + 48/84 - (-4990)/14. Let s = 470 - z. What is the highest common factor of 399 and s?
57
Let l = -83 - -83. Suppose 4*d - 83 - 301 = l. Calculate the greatest common factor of d and 72.
24
Let u = -57638 + 57650. Let p be 1 + 370 + (0 - -1). What is the highest common factor of u and p?
12
Let c(f) = 173*f + 1098. Let r be c(5). What is the highest common factor of 273 and r?
13
Let g = -73 + 122. Suppose -g = 12*j - 169. What is the greatest common divisor of j and 110?
10
Let n(d) = -4*d**2 + 11*d + 10. Let l be n(-4). Let k = 143 + l. Calculate the greatest common divisor of k and 20.
5
Let g(f) = -31*f - 221. Suppose 0 = -19*r + 21*r - 2*k + 14, 0 = 4*k + 4. Let h be g(r). What is the highest common divisor of h and 54?
27
Suppose -26 = 5*v - 31. Let w be ((-19)/(-38))/(v/42 + 0). What is the greatest common divisor of w and 147?
21
Let b = -103 - -181. Let c(h) = -h**3 + 9*h**2 - 12*h + 12. Suppose 64*w = 62*w + 14. Let j be c(w). Calculate the highest common divisor of b and j.
26
Let q be (-2)/4*(-24128)/464 + -12. Suppose 4*k - 452 = -2*l, -3*l + 0*k = -2*k - 670. What is the highest common factor of q and l?
14
Suppose -20 = 4*h, -3*h + 32 = 4*n + 3. Suppose n*i = 16*i - 5. Let t be 6/9 + -2 + (-7)/(-3). What is the greatest common divisor of t and i?
1
Let m = 10 + -6. Suppose -z + 100 = m*z. Let p be (1 - 10/11) + (-74989)/(-341). Calculate the greatest common divisor of p and z.
20
Suppose 0*c - 5626 + 73246 = 21*c. Calculate the highest common divisor of c and 42.
14
Let x = -32 + 44. Let f(q) = 39*q**2 + 5*q - 5. Let n be f(1). Suppose n*l = 46*l - 672. What is the highest common factor of l and x?
12
Let a(z) = 8*z**2 + 135*z + 25. Let i be (-34)/(-11*(-10)/55). Let f be a(i). What is the greatest common factor of f and 18?
6
Suppose 0 = 12*m - 101 - 31. Suppose -m*a = -8*a - 6. Calculate the greatest common divisor of 128 and a.
2
Let n be (3 + 4)/(8/(-3) + 3). Let p(q) = -3*q**3 + 3*q**2 + 3*q + 3. Let w be p(-4). Calculate the greatest common factor of n and w.
21
Let r be -1*3/9 - 184/(-12). Suppose 14*a + 156 = r*a. Calculate the highest common factor of 24 and a.
12
Let a be -20 - (0/(-1) - 4). Let m = -13 - a. Let l be (460/30)/(2/m). Calculate the highest common factor of 207 and l.
23
Suppose -2*v = -3*x + 19, -2*x + 6*v + 13 = 5*v. Let f be (-2)/x + 699/21. Calculate the highest common factor of 66 and f.
33
Suppose 0 = g + 6, 5468 = 4*j + 5*g - 3*g. Calculate the highest common factor of 20 and j.
10
Let x be 3*-1 - ((-4298)/8 + (-11)/(-44)). What is the highest common divisor of x and 1691?
89
Let z = -345 - -499. Suppose 3*d - 64 = 2*k, -d - k - 109 = -6*d. Let h be 4 + d/(-6) - 65/(-3). Calculate the greatest common factor of z and h.
22
Let f = 7 - 8. Let b(z) = -59*z + 1. Let v be b(f). Calculate the greatest common factor of 480 and v.
60
Let q be ((-96)/2)/(33/(-4048)*4). Suppose -30*m + 178 = -q. What is the highest common factor of m and 385?
55
Suppose -65*i + 179897 = -141400 - 330068. What is the highest common factor of 11 and i?
11
Suppose 0 = 14938*q - 14950*q + 96. Calculate the greatest common factor of 964 and q.
4
Suppose -1064 = -24*n + 5*n. Suppose -3*u + 1344 = -2*d, 4*d = 5*d. What is the highest common divisor of n and u?
56
Let n = 118 - 130. Let q be ((-544)/n)/(-4) + (-12)/18. Let i be (-3)/(6/(-4))*q/(-8). Calculate the highest common divisor of i and 4.
1
Let x be 3 - 2 - 518/(-6) - 508/(-762). What is the greatest common factor of x and 384?
8
Let z = -1443 - -1499. Calculate the highest common divisor of 49 and z.
7
Let b = 27196 - 20496. Calculate the highest common divisor of 20 and b.
20
Suppose -23*j - 27*j - 186480 = -87*j. What is the greatest common factor of j and 900?
180
Suppose f + 5 = 0, -29*f + 26*f = 3*n - 63. What is the highest common divisor of n and 7384?
26
Suppose 2*b + 73 = 3. Let t be (15 + -12)*(b/(-3) + -2). What is the greatest common divisor of t and 29?
29
Let a be (-178189)/97*(5/(-1) + (-13 - -16)). What is the greatest common factor of a and 88?
22
Let h be -7*144/(-42)*14. What is the highest common factor of 3216 and h?
48
Suppose -j + 2*l = 1 - 10, -2*l = 4*j - 6. Let y = -5 - -8. Suppose -r = w - j, -5*r - 3*w + 3 = -y*r. Calculate the highest common factor of 48 and r.
6
Suppose -661 = -2*k - 81. Suppose l - 6*l - 2*z + k = 0, 4*l - 2*z = 232. Let n = 67 - l. What is the highest common divisor of n and 45?
9
Let q(t) = t**2 - 8*t - 4. Let r = -31 + 40. Let c be q(r). Calculate the highest common divisor of c and 30.
5
Suppose 310*w - 69537 = 107*w + 104028. What is the highest common factor of w and 39?
3
Suppose -6*q = -121 + 7. Let l = q - 1. What is the highest common factor of l and 24?
6
Let b be -29 + -7*(3 - (-100)/(-28)). Let r = 105 + b. Suppose -n = 2*n + 2*j - 28, 2*n + 4*j - 16 = 0. Calculate the greatest common divisor of r and n.
10
Suppose 0 = 3*s - 205 - 50. Let t be -6*(3 - (-2 + s/10)). What is the highest common divisor of 147 and t?
21
Let p = -10978 - -11618. What is the highest common factor of 20 and p?
20
Suppose 0 = 5*l - 3*d - 31, 0 = 3*l + 2*d + 2*d - 36. Suppose -6*r - 98 = -l*r. Let z = -31 + r. Calculate the highest common factor of 6 and z.
6
Let l = -65 - -67. Suppose l*r + 41 = 3*i, -15 + 1 = -2*i - 2*r. Let z be (0 + 1 - 0)/(1/i). What is the highest common divisor of 11 and z?
11
Let n be -3 - ((-6)/(-15) + 53/5). Let v be 1250/(-35) - (-4)/n. Let q = -18 - v. What is the greatest common factor of 9 and q?
9
Suppose 4*n - v - 4 = n, -n + 16 = -4*v. Suppose n = 2*i + i - 30. Suppose -t = -2*g - 4*t + i, -3*g + 15 = t. Calculate the highest common factor of g and 10.
5
Let x be (3 - 8) + 17 + (4 - 5). Suppose 2*f - 320 = -2*f. Suppose x*v - f = 7*v. Calculate the highest common divisor of 50 and v.
10
Let v(b) = b**3 - 7*b - 5. Let m be v(-1). Let a be (126/(-27) - -5)/(m/69). Calculate the highest common divisor of 69 and a.
23
Let i(r) = -115*r**3 - r**2 + r. Let w be i(1). Let q = w + 205. Let y be (-4)/(-34) + -14*49699/(-3094). What is the highest common divisor of q and y?
45
Let b be 3/7 + (-554320)/(-9464). Suppose 0 = m + 4*z - 8 - 9, 0 = 2*m + 2*z - 10. What is the greatest common factor of m and b?
1
Suppose 2 = -w + 8. Suppose c + w*y - 3*y = -20694, c = -2*y - 20696. Let u be c/(-144) - 1/(-3 - 1). What is the greatest common factor of u and 36?
36
Suppose 4*a + 57329 = 4*f + a, -2*f = -3*a - 28669. Calculate the highest common factor of 10 and f.
10
Let i = 527 + -491. What is the highest common factor of 2178 and i?
18
Suppose 0 = -4*q - 13*k + 15*k + 650, -5*k - 5 = 0. Suppose 33*y + q = 36*y. Calculate the highest common factor of 702 and y.
54
Let s be (1/2)/((-12)/(-120)). Suppose 5*p - r = -s*r + 34, -p - 5*r - 10 = 0. What is the greatest common divisor of p and 30?
10
Let q be -1 + -1 - (-544 - -515). Let j = 1053 - 81. Calculate the highest common divisor of j and q.
27
Let v = 72 - 68. Suppose 0 = 2*q - z - 12, -v*q = -q + 5*z + 8. Suppose c - 140 = a, q*a = -2*c - 0*a + 256. What is the highest common divisor of 34 and c?
34
Let j be 2 + (40/5 - 4). Let i be (-9)/(27/j) - 130/(-2). Let q = 101 - i. Calculate the highest common factor of 19 and q.
19
Suppose 4*n = 8, 2*p - 80*n + 81*n = 728. What is the highest common divisor of 22143 an